 is -11 (base 13) in base 10?
-14
1 (base 12) to base 5
1
What is -1 (base 6) in base 16?
-1
-33 (base 5) to base 15
-13
What is 21 (base 4) in base 2?
1001
-5 (base 7) to base 11
-5
What is 3 (base 4) in base 6?
3
21 (base 4) to base 15
9
What is 22 (base 3) in base 4?
20
What is -21001 (base 3) in base 10?
-190
Convert -2 (base 14) to base 7.
-2
What is -9 (base 12) in base 4?
-21
442 (base 5) to base 13
95
-2c (base 13) to base 9
-42
-28 (base 11) to base 16
-1e
What is -245 (base 7) in base 16?
-83
3 (base 12) to base 15
3
5 (base 7) to base 8
5
Convert 262 (base 11) to base 8.
466
What is 24 (base 12) in base 7?
40
Convert e (base 16) to base 8.
16
Convert 11 (base 7) to base 8.
10
Convert -330 (base 4) to base 13.
-48
Convert 25 (base 14) to base 16.
21
What is -1 (base 4) in base 7?
-1
Convert 20 (base 6) to base 9.
13
Convert -2 (base 12) to base 8.
-2
What is 34 (base 10) in base 3?
1021
-10111 (base 2) to base 4
-113
Convert -200 (base 3) to base 9.
-20
Convert -2 (base 4) to base 16.
-2
9 (base 15) to base 4
21
What is -201 (base 3) in base 16?
-13
2 (base 4) to base 11
2
What is -401 (base 5) in base 6?
-245
3c (base 15) to base 14
41
Convert 12 (base 10) to base 7.
15
0 (base 14) to base 9
0
What is -b (base 14) in base 3?
-102
What is -2b (base 16) in base 15?
-2d
44 (base 15) to base 16
40
What is -365 (base 7) in base 12?
-142
-112 (base 4) to base 3
-211
What is 123 (base 5) in base 6?
102
Convert -10111 (base 3) to base 12.
-7a
88 (base 15) to base 3
11202
-5 (base 14) to base 10
-5
Convert 14 (base 11) to base 12.
13
3 (base 9) to base 16
3
What is 47 (base 8) in base 16?
27
11 (base 3) to base 6
4
What is 0 (base 9) in base 13?
0
What is 58 (base 16) in base 7?
154
12111 (base 3) to base 11
125
What is b (base 15) in base 3?
102
Convert 0 (base 2) to base 6.
0
-101 (base 3) to base 7
-13
What is 15 (base 6) in base 2?
1011
What is -1 (base 4) in base 5?
-1
Convert 34 (base 6) to base 14.
18
Convert 5 (base 10) to base 6.
5
Convert -30 (base 15) to base 12.
-39
Convert 43 (base 11) to base 9.
52
-10 (base 4) to base 9
-4
Convert 241 (base 6) to base 7.
166
What is -2a6 (base 11) in base 16?
-166
Convert -25 (base 11) to base 10.
-27
Convert 0 (base 8) to base 11.
0
-8 (base 14) to base 7
-11
-31 (base 8) to base 13
-1c
What is -3130 (base 4) in base 2?
-11011100
Convert 3 (base 9) to base 5.
3
What is -252 (base 6) in base 15?
-6e
Convert -32 (base 16) to base 3.
-1212
Convert 3 (base 8) to base 12.
3
Convert -1 (base 14) to base 3.
-1
What is 2 (base 12) in base 6?
2
What is -c (base 14) in base 7?
-15
-5 (base 11) to base 10
-5
What is 4 (base 9) in base 4?
10
-1002 (base 3) to base 7
-41
Convert 50 (base 14) to base 6.
154
What is 30 (base 12) in base 7?
51
Convert -2 (base 14) to base 5.
-2
Convert 2 (base 12) to base 9.
2
343 (base 6) to base 8
207
What is 10 (base 3) in base 14?
3
620 (base 8) to base 16
190
What is 99 (base 13) in base 10?
126
-7 (base 15) to base 12
-7
What is 1 (base 2) in base 5?
1
Convert -13 (base 12) to base 4.
-33
-12 (base 6) to base 5
-13
-8 (base 9) to base 8
-10
1122 (base 5) to base 10
162
-20 (base 12) to base 6
-40
What is 43 (base 10) in base 12?
37
Convert 85 (base 9) to base 7.
140
What is 6 (base 16) in base 2?
110
What is -2 (base 5) in base 10?
-2
What is 5 (base 12) in base 5?
10
What is -19 (base 13) in base 3?
-211
What is -21 (base 13) in base 7?
-36
Convert -310 (base 4) to base 8.
-64
What is 22 (base 12) in base 14?
1c
Convert -130 (base 7) to base 2.
-1000110
What is 62 (base 12) in base 7?
134
What is -135 (base 7) in base 10?
-75
-16 (base 10) to base 3
-121
23 (base 13) to base 12
25
-1 (base 10) to base 7
-1
Convert 303 (base 4) to base 2.
110011
2 (base 5) to base 15
2
-16a (base 12) to base 2
-11100010
-140 (base 11) to base 15
-b0
What is -10000 (base 2) in base 5?
-31
What is -1 (base 12) in base 5?
-1
What is -4 (base 16) in base 11?
-4
-2 (base 12) to base 8
-2
42 (base 9) to base 10
38
What is -2 (base 16) in base 3?
-2
What is 19 (base 14) in base 12?
1b
Convert 11 (base 3) to base 11.
4
What is 3 (base 16) in base 5?
3
What is 2 (base 15) in base 7?
2
Convert 121 (base 3) to base 11.
15
What is -1011011 (base 2) in base 14?
-67
101 (base 4) to base 8
21
Convert -235 (base 6) to base 7.
-164
What is 1 (base 10) in base 5?
1
-100101 (base 2) to base 4
-211
-7 (base 9) to base 8
-7
Convert -26 (base 7) to base 9.
-22
-2a (base 13) to base 12
-30
What is 0 (base 5) in base 12?
0
What is 26 (base 11) in base 3?
1001
What is 21 (base 4) in base 14?
9
Convert 1 (base 2) to base 4.
1
20 (base 7) to base 9
15
What is -62 (base 8) in base 11?
-46
Convert -138 (base 9) to base 2.
-1110100
-76 (base 11) to base 4
-1103
-2 (base 4) to base 7
-2
Convert -22 (base 16) to base 5.
-114
Convert -12 (base 7) to base 12.
-9
524 (base 6) to base 2
11000100
What is -101111 (base 2) in base 14?
-35
Convert -1001 (base 2) to base 5.
-14
Convert -2 (base 15) to base 13.
-2
Convert -2 (base 15) to base 6.
-2
What is -11 (base 6) in base 3?
-21
Convert -9 (base 14) to base 16.
-9
-11001 (base 2) to base 16
-19
Convert 2 (base 3) to base 9.
2
-224 (base 10) to base 3
-22022
-20 (base 4) to base 7
-11
What is -312 (base 9) in base 14?
-142
Convert -2 (base 6) to base 8.
-2
160 (base 9) to base 7
252
Convert -3 (base 12) to base 6.
-3
What is 2 (base 16) in base 4?
2
Convert 2200 (base 3) to base 2.
1001000
10 (base 11) to base 15
b
What is -1e (base 16) in base 2?
-11110
-11011 (base 2) to base 3
-1000
What is -3 (base 5) in base 3?
-10
What is 10 (base 2) in base 8?
2
Convert -17 (base 10) to base 7.
-23
-42 (base 15) to base 10
-62
Convert -20011 (base 3) to base 8.
-246
61 (base 12) to base 14
53
Convert 1 (base 7) to base 15.
1
Convert 5 (base 8) to base 10.
5
Convert 11 (base 8) to base 10.
9
Convert 2101 (base 3) to base 2.
1000000
What is -7 (base 10) in base 8?
-7
What is -7 (base 12) in base 9?
-7
Convert 1033 (base 5) to base 4.
2033
What is 130 (base 5) in base 7?
55
1 (base 9) to base 13
1
a (base 13) to base 7
13
Convert -15 (base 12) to base 14.
-13
Convert -94 (base 12) to base 13.
-88
What is 16 (base 7) in base 5?
23
Convert -27 (base 8) to base 7.
-32
What is -43 (base 10) in base 14?
-31
-13 (base 6) to base 9
-10
Convert 0 (base 14) to base 16.
0
24 (base 8) to base 2
10100
What is 0 (base 16) in base 4?
0
Convert a (base 14) to base 15.
a
Convert 58 (base 9) to base 4.
311
Convert 23 (base 16) to base 9.
38
Convert -2 (base 7) to base 3.
-2
1b (base 16) to base 13
21
-13 (base 6) to base 14
-9
What is -23 (base 6) in base 10?
-15
What is 9 (base 12) in base 2?
1001
-545 (base 6) to base 3
-21202
Convert -12 (base 6) to base 7.
-11
-11 (base 16) to base 12
-15
-21 (base 4) to base 6
-13
-2 (base 8) to base 10
-2
Convert -5 (base 7) to base 3.
-12
234 (base 11) to base 5
2104
-1033 (base 4) to base 9
-87
What is 2 (base 6) in base 5?
2
100 (base 11) to base 9
144
What is 1333 (base 4) in base 8?
177
10 (base 3) to base 12
3
Convert 2 (base 14) to base 13.
2
-104 (base 7) to base 13
-41
Convert -6 (base 10) to base 7.
-6
1 (base 10) to base 16
1
26 (base 16) to base 4
212
Convert 2 (base 7) to base 5.
2
Convert 0 (base 6) to base 8.
0
-99 (base 12) to base 4
-1311
Convert -61 (base 10) to base 5.
-221
Convert c9 (base 13) to base 5.
1130
Convert 3 (base 8) to base 4.
3
Convert -2 (base 7) to base 15.
-2
What is -40 (base 6) in base 4?
-120
What is 101 (base 2) in base 15?
5
What is -3 (base 13) in base 2?
-11
Convert -18 (base 14) to base 2.
-10110
What is 254 (base 7) in base 10?
137
Convert 0 (base 6) to base 11.
0
What is -82 (base 14) in base 9?
-136
3 (base 14) to base 4
3
-2 (base 7) to base 2
-10
-451 (base 6) to base 7
-340
Convert 10 (base 3) to base 14.
3
What is -3 (base 11) in base 12?
-3
What is 21 (base 8) in base 11?
16
What is 1e (base 15) in base 8?
35
What is -113 (base 5) in base 2?
-100001
-100 (base 3) to base 16
-9
Convert -19 (base 10) to base 11.
-18
What is -11 (base 6) in base 4?
-13
What is 0 (base 13) in base 4?
0
Convert 4 (base 15) to base 2.
100
What is -9 (base 12) in base 13?
-9
Convert -1 (base 12) to base 14.
-1
What is -5 (base 16) in base 3?
-12
What is -230 (base 4) in base 8?
-54
Convert 18 (base 11) to base 15.
14
What is 54 (b